Is 1900198 a prime number?
False
Is 5184953 a prime number?
True
Is 8380213 composite?
False
Is 15484087 prime?
True
Is 523879063 prime?
True
Is 11395213 a composite number?
False
Is 142682221 a composite number?
True
Is 153305063 prime?
True
Is 105136709 composite?
True
Is 225222377 a composite number?
True
Is 13286341 a composite number?
True
Is 3004493 a composite number?
False
Is 340723 a prime number?
True
Is 4774321 a composite number?
False
Is 13409909 a composite number?
False
Is 54272399 prime?
True
Is 2165291 composite?
False
Is 20888629 a prime number?
False
Is 6061379 a composite number?
False
Is 2028187 a composite number?
True
Is 29184689 composite?
False
Is 4043339 a prime number?
False
Is 33062797 a composite number?
True
Is 14538161 a prime number?
False
Is 392467633 a composite number?
False
Is 300526367 prime?
True
Is 230974919 composite?
True
Is 253468909 prime?
True
Is 1075523 composite?
True
Is 1331883347 a prime number?
True
Is 1360597 a prime number?
False
Is 9015701 a prime number?
False
Is 1828951 composite?
True
Is 3577837 composite?
True
Is 5461331 composite?
False
Is 39065399 a prime number?
False
Is 49122287 a composite number?
False
Is 41257 prime?
True
Is 182733107 a prime number?
True
Is 5142197 prime?
True
Is 362833087 a prime number?
True
Is 1362511 a composite number?
False
Is 251744963 composite?
True
Is 2464283 a composite number?
True
Is 40935857 a composite number?
False
Is 81407 a composite number?
True
Is 1003517 a prime number?
True
Is 34158521 prime?
True
Is 2549501 a prime number?
False
Is 16051963 prime?
False
Is 212279945 composite?
True
Is 12852997 a prime number?
True
Is 8934801 a composite number?
True
Is 341753257 a prime number?
True
Is 720671 composite?
True
Is 59497463 composite?
True
Is 78577355 composite?
True
Is 7237897 prime?
True
Is 18802807 prime?
False
Is 315479573 composite?
False
Is 120941785 a prime number?
False
Is 1781771 composite?
False
Is 99359391 a composite number?
True
Is 642457 prime?
True
Is 1055412673 prime?
False
Is 38067 a prime number?
False
Is 81863651 a composite number?
False
Is 7523927 a prime number?
True
Is 181718743 composite?
False
Is 73927681 a composite number?
True
Is 48634199 prime?
False
Is 186726406 a prime number?
False
Is 1725343 composite?
False
Is 67198489 composite?
False
Is 486821 a composite number?
False
Is 20415199 a prime number?
False
Is 56808503 a composite number?
False
Is 124928611 a prime number?
True
Is 28642219 a composite number?
False
Is 3096461 a composite number?
False
Is 6777887 prime?
False
Is 6129211 a composite number?
True
Is 53106413 a prime number?
True
Is 73768081 a prime number?
False
Is 669179 a composite number?
True
Is 4528291 composite?
True
Is 3627587 prime?
True
Is 32230469 a composite number?
True
Is 391335423 a prime number?
False
Is 50777153 a prime number?
False
Is 1702627 composite?
False
Is 80246 composite?
True
Is 230077613 a prime number?
True
Is 3136019 composite?
False
Is 321131215 composite?
True
Is 278543 a prime number?
True
Is 2567359 a composite number?
True
Is 498053 a prime number?
True
Is 1837393141 composite?
False
Is 3186754 a prime number?
False
Is 305737811 prime?
True
Is 232385261 a composite number?
True
Is 4061297 a composite number?
True
Is 1883689 composite?
False
Is 69880079 prime?
True
Is 4257467 a composite number?
False
Is 318727154 a composite number?
True
Is 3242989 a prime number?
False
Is 20578973 prime?
False
Is 6026854 a prime number?
False
Is 10259195 composite?
True
Is 4841261 a composite number?
False
Is 12455129 composite?
False
Is 185303117 a composite number?
False
Is 637231 prime?
False
Is 44719109 prime?
False
Is 383219 composite?
False
Is 1805941 composite?
False
Is 3896513 a composite number?
False
Is 14620363 composite?
False
Is 208350881 composite?
False
Is 2994157 a prime number?
False
Is 733097 composite?
False
Is 855581 prime?
True
Is 950833 a composite number?
True
Is 2382041 composite?
True
Is 337211837 prime?
False
Is 6189769 prime?
True
Is 681293 a composite number?
False
Is 547314379 prime?
True
Is 37790041 composite?
False
Is 42127123 composite?
True
Is 1460621 a composite number?
True
Is 52516537 a composite number?
True
Is 21961801 prime?
True
Is 854057 composite?
True
Is 23968361 a prime number?
True
Is 1343057 a composite number?
False
Is 3861829 composite?
True
Is 5194069 a prime number?
True
Is 490615 prime?
False
Is 44563147 prime?
True
Is 6833573 composite?
False
Is 668186 a prime number?
False
Is 6230017 prime?
True
Is 262989823 a composite number?
False
Is 14456369 composite?
False
Is 45068689 a prime number?
False
Is 1799611 composite?
True
Is 344465593 a prime number?
True
Is 92865307 composite?
False
Is 25296539 a prime number?
True
Is 10633349 composite?
True
Is 170133 a prime number?
False
Is 191512967 a prime number?
False
Is 216868237 prime?
False
Is 48442585 composite?
True
Is 9144521 a prime number?
False
Is 37961863 prime?
True
Is 856397 prime?
False
Is 333555491 a composite number?
False
Is 9962317 prime?
True
Is 6246077 a prime number?
True
Is 85777537 composite?
False
Is 308251 a prime number?
False
Is 193752089 prime?
False
Is 206379923 a prime number?
False
Is 38537287 a prime number?
True
Is 8126863 prime?
True
Is 4831969 composite?
True
Is 69034451 a prime number?
True
Is 11456233 a composite number?
True
Is 188296177 prime?
True
Is 175793 prime?
False
Is 565141 a composite number?
True
Is 690215917 a composite number?
True
Is 42401081 a composite number?
False
Is 91260157 composite?
True
Is 94936769 composite?
True
Is 898717 composite?
False
Is 5868509 prime?
True
Is 356927 composite?
False
Is 76337263 prime?
False
Is 40060843 composite?
True
Is 6580363 composite?
False
Is 98841031 a prime number?
True
Is 28057739 a composite number?
False
Is 42884011 a composite number?
True
Is 77866303 a composite number?
False
Is 629837 composite?
True
Is 19746043 prime?
False
Is 1634123 a composite number?
True
Is 1622549 a composite number?
False
Is 92689691 prime?
True
Is 59448157 a composite number?
True
Is 6946789 prime?
True
Is 28967297 a composite number?
False
Is 6620867 prime?
False
Is 2677057 a composite number?
False
Is 74166713 a prime number?
True
Is 142113679 a composite number?
True
Is 703691 a prime number?
True
Is 141035669 prime?
True
Is 8588311 prime?
False
Is 7912159 composite?
False
Is 29179921 a prime number?
False
Is 7662047 a prime number?
True
Is 19373503 composite?
True
Is 15768145 a prime number?
False
Is 89260373 a prime number?
True
Is 13938661 a composite number?
True
Is 6565709 prime?
True
Is 160245377 a prime number?
True
Is 410829 a composite number?
True
Is 1085269 composite?
False
Is 3175213 prime?
False
Is 29570887 prime?
False
Is 11279831 prime?
False
Is 76387837 prime?
True
Is 798799 a prime number?
True
Is 232537 composite?
True
Is 13248967 composite?
True
Is 23130697 prime?
False
Is 60631943 a prime number?
True
Is 14903233 prime?
True
Is 2914683 a composite number?
True
Is 14945641 composite?
False
Is 14065231 composite?
False
Is 202667 a prime number?
True
Is 51459097 a composite number?
True
Is 6308781 a composite number?
True
Is 2587337 a prime number?
True
Is 10724029 a prime number?
False
Is 1465637 prime?
True
Is 9787243 a prime number?
False
Is 5292923 a composite number?
False
Is 272299 composite?
False
Is 1489339 a composite number?
True
Is 16531751 prime?
True
Is 29881139 a composite number?
False
Is 640103 a prime number?
False
Is 10027958 prime?
False
Is 2043123 a prime number?
False
Is 144519659 composite?
False
Is 22879487 a prime number?
False
Is 3640757 a prime number?
False
Is 3516421 prime?
True
Is 6033707 prime?
True
Is 450706 a prime number?
False
Is 18123019 a prime number?
False
Is 5211773 prime?
False
Is 3098597 a prime number?
True
Is 143242301 a composite number?
False
Is 9356231 composite?
False
Is 21073111 a prime number?
False
Is 5503259 prime?
True
Is 155983327 composite?
True
Is 20289983 a composite number?
True
Is 47456063 a prime number?
True
Is 38245303 prime?
False
Is 150380939 prime?
True
Is 59594903 prime?
True
Is 294629 composite?
False
Is 260617451 prime?
True
Is 20934377 a composite number?
False
Is 879677 composite?
True
Is 597285913 prime?
False
Is 1548347 a com